{"id":6,"date":"2021-05-27T19:42:52","date_gmt":"2021-05-27T19:42:52","guid":{"rendered":"http:\/\/sergioaraya.samtecno.cl\/?page_id=6"},"modified":"2021-05-28T16:33:13","modified_gmt":"2021-05-28T16:33:13","slug":"the-new-umoma-opens-its-doors-2","status":"publish","type":"page","link":"https:\/\/sergioaraya.cl\/index.php\/the-new-umoma-opens-its-doors-2\/","title":{"rendered":"\u00daltimos Post del Blog"},"content":{"rendered":"\n<div class=\"wp-block-group alignwide\"><div class=\"wp-block-group__inner-container is-layout-flow wp-block-group-is-layout-flow\">\n<h2 class=\"has-text-align-center wp-block-heading\">BIENVENIDOS A LOS ULTIMOS POST CREADOS EN EL BLOG DE SERGIOARAYA<\/h2>\n\n\n\n<hr class=\"wp-block-separator is-style-dots\"\/>\n<\/div><\/div>\n\n\n\n<div class=\"wp-block-columns alignwide is-layout-flex wp-container-core-columns-is-layout-9d6595d7 wp-block-columns-is-layout-flex\">\n<div class=\"wp-block-column is-layout-flow wp-block-column-is-layout-flow\">\n<div class=\"wp-block-group\"><div class=\"wp-block-group__inner-container is-layout-flow wp-block-group-is-layout-flow\">\n<figure class=\"wp-block-image size-large is-resized\"><img loading=\"lazy\" decoding=\"async\" src=\"http:\/\/sergioaraya.samtecno.cl\/wp-content\/uploads\/2021\/05\/peliyseri-1010x1024.png\" alt=\"\" class=\"wp-image-101\" width=\"207\" height=\"209\" srcset=\"https:\/\/sergioaraya.cl\/wp-content\/uploads\/2021\/05\/peliyseri-1010x1024.png 1010w, https:\/\/sergioaraya.cl\/wp-content\/uploads\/2021\/05\/peliyseri-296x300.png 296w, https:\/\/sergioaraya.cl\/wp-content\/uploads\/2021\/05\/peliyseri-150x150.png 150w, https:\/\/sergioaraya.cl\/wp-content\/uploads\/2021\/05\/peliyseri-768x779.png 768w, https:\/\/sergioaraya.cl\/wp-content\/uploads\/2021\/05\/peliyseri-266x270.png 266w, https:\/\/sergioaraya.cl\/wp-content\/uploads\/2021\/05\/peliyseri.png 1018w\" sizes=\"auto, (max-width: 207px) 100vw, 207px\" \/><figcaption>Series y pel\u00edculas<\/figcaption><\/figure>\n\n\n\n<h3 class=\"has-text-align-left wp-block-heading\">SERIES Y PEL\u00cdCULAS QUE VER SEG\u00daN MI EXPERIENCIA<\/h3>\n\n\n\n<p>Mayo 2021<\/p>\n\n\n\n<p><strong>[maxbutton id=&#8221;1&#8243;]<\/strong><\/p>\n\n\n\n<hr class=\"wp-block-separator is-style-default\"\/>\n<\/div><\/div>\n\n\n\n<div class=\"wp-block-group\"><div class=\"wp-block-group__inner-container is-layout-flow wp-block-group-is-layout-flow\">\n<figure class=\"wp-block-image size-large is-resized\"><img loading=\"lazy\" decoding=\"async\" src=\"http:\/\/sergioaraya.samtecno.cl\/wp-content\/uploads\/2021\/05\/manos-planeta-tierra-encima_1232-1078.jpg\" alt=\"\" class=\"wp-image-110\" width=\"221\" height=\"246\" srcset=\"https:\/\/sergioaraya.cl\/wp-content\/uploads\/2021\/05\/manos-planeta-tierra-encima_1232-1078.jpg 626w, https:\/\/sergioaraya.cl\/wp-content\/uploads\/2021\/05\/manos-planeta-tierra-encima_1232-1078-269x300.jpg 269w, https:\/\/sergioaraya.cl\/wp-content\/uploads\/2021\/05\/manos-planeta-tierra-encima_1232-1078-242x270.jpg 242w\" sizes=\"auto, (max-width: 221px) 100vw, 221px\" \/><figcaption>Terapia del shock<\/figcaption><\/figure>\n\n\n\n<h3 class=\"wp-block-heading\">TERAPIA DEL SHOCK <\/h3>\n\n\n\n<p>Mayo 2021<\/p>\n<\/div><\/div>\n\n\n\n<p>[maxbutton id=&#8221;3&#8243;]<\/p>\n\n\n\n<hr class=\"wp-block-separator is-style-default\"\/>\n<\/div>\n\n\n\n<div class=\"wp-block-column is-layout-flow wp-block-column-is-layout-flow\">\n<div class=\"wp-block-group\"><div class=\"wp-block-group__inner-container is-layout-flow wp-block-group-is-layout-flow\">\n<figure class=\"wp-block-image size-large is-resized\"><img loading=\"lazy\" decoding=\"async\" src=\"http:\/\/sergioaraya.samtecno.cl\/wp-content\/uploads\/2021\/05\/trabajando-aplicaciones-taza-cafe_1134-93.jpg\" alt=\"\" class=\"wp-image-102\" width=\"316\" height=\"210\" srcset=\"https:\/\/sergioaraya.cl\/wp-content\/uploads\/2021\/05\/trabajando-aplicaciones-taza-cafe_1134-93.jpg 626w, https:\/\/sergioaraya.cl\/wp-content\/uploads\/2021\/05\/trabajando-aplicaciones-taza-cafe_1134-93-300x200.jpg 300w, https:\/\/sergioaraya.cl\/wp-content\/uploads\/2021\/05\/trabajando-aplicaciones-taza-cafe_1134-93-405x270.jpg 405w\" sizes=\"auto, (max-width: 316px) 100vw, 316px\" \/><figcaption>Trabajo Remoto vs Teletrabajo<\/figcaption><\/figure>\n\n\n\n<h3 class=\"has-text-align-left wp-block-heading\">TELETRABAJO VS TRABAJO REMOTO<\/h3>\n\n\n\n<p>Mayo 2021<\/p>\n\n\n\n<p><strong>[maxbutton id=&#8221;2&#8243;]<\/strong><\/p>\n\n\n\n<hr class=\"wp-block-separator is-style-default\"\/>\n<\/div><\/div>\n\n\n\n<div class=\"wp-block-group\"><div class=\"wp-block-group__inner-container is-layout-flow wp-block-group-is-layout-flow\">\n<figure class=\"wp-block-image size-large is-resized\"><img loading=\"lazy\" decoding=\"async\" src=\"http:\/\/sergioaraya.samtecno.cl\/wp-content\/uploads\/2021\/05\/VentasAgilesLogo.png\" alt=\"\" class=\"wp-image-111\" width=\"242\" height=\"243\" srcset=\"https:\/\/sergioaraya.cl\/wp-content\/uploads\/2021\/05\/VentasAgilesLogo.png 310w, https:\/\/sergioaraya.cl\/wp-content\/uploads\/2021\/05\/VentasAgilesLogo-298x300.png 298w, https:\/\/sergioaraya.cl\/wp-content\/uploads\/2021\/05\/VentasAgilesLogo-150x150.png 150w, https:\/\/sergioaraya.cl\/wp-content\/uploads\/2021\/05\/VentasAgilesLogo-268x270.png 268w\" sizes=\"auto, (max-width: 242px) 100vw, 242px\" \/><figcaption>Ventas Agiles<\/figcaption><\/figure>\n\n\n\n<h3 class=\"wp-block-heading\">VENTAS \u00c1GILES<\/h3>\n\n\n\n<p>Mayo 2021<\/p>\n<\/div><\/div>\n\n\n\n<p>[maxbutton id=&#8221;4&#8243;]<\/p>\n\n\n\n<hr class=\"wp-block-separator is-style-default\"\/>\n<\/div>\n<\/div>\n\n\n\n<figure class=\"wp-block-image alignfull size-large\"><img loading=\"lazy\" decoding=\"async\" width=\"1000\" height=\"563\" src=\"http:\/\/sergioaraya.samtecno.cl\/wp-content\/uploads\/2021\/05\/5d3c8e5e4401a53efde7b1c9_RPA-Cost-Simulator-6.jpg\" alt=\"\" class=\"wp-image-113\" srcset=\"https:\/\/sergioaraya.cl\/wp-content\/uploads\/2021\/05\/5d3c8e5e4401a53efde7b1c9_RPA-Cost-Simulator-6.jpg 1000w, https:\/\/sergioaraya.cl\/wp-content\/uploads\/2021\/05\/5d3c8e5e4401a53efde7b1c9_RPA-Cost-Simulator-6-300x169.jpg 300w, https:\/\/sergioaraya.cl\/wp-content\/uploads\/2021\/05\/5d3c8e5e4401a53efde7b1c9_RPA-Cost-Simulator-6-768x432.jpg 768w, https:\/\/sergioaraya.cl\/wp-content\/uploads\/2021\/05\/5d3c8e5e4401a53efde7b1c9_RPA-Cost-Simulator-6-480x270.jpg 480w\" sizes=\"auto, (max-width: 1000px) 100vw, 1000px\" \/><\/figure>\n\n\n\n<div class=\"wp-block-group alignwide\"><div class=\"wp-block-group__inner-container is-layout-flow wp-block-group-is-layout-flow\">\n<h2 class=\"has-text-align-center has-accent-color has-text-color wp-block-heading\">EN EL CAMINO DE LO TRADICIONAL HACIA LO DIGITAL\u201d<\/h2>\n<\/div><\/div>\n\n\n\n<p class=\"has-drop-cap\">Hoy &nbsp;en d\u00eda en Chile y Latinoam\u00e9rica est\u00e1 muy de moda ser digital y todas las empresas, compa\u00f1\u00edas&nbsp;ocupan esa palabra, pero en realidad nos damos &nbsp;cuenta que aun estamos a\u00f1os para poder ser maduras en este sentido, hablamos de probar hip\u00f3tesis para ver que las cosas funciones, ser totalmente innovador, estar en la punta de la tecnolog\u00eda y hacer un cambio organizacional, pero con esto no basta ya que se siguen encontrando bloqueos que son&nbsp;\u00abnormales\u00bb&nbsp;en las organizaci\u00f3n, es por eso que no se puede implementar a un modelo extremadamente digital &nbsp;sin antes evaluar y revisar con quien se har\u00e1 ya que estamos en camino hacia all\u00e1 y este chocar\u00eda con toda la cultura organizacional.<\/p>\n\n\n\n<p>Se debe hacer una estrategia paulatinamente con el capital humano completo, no basta hacer una c\u00e9lula o squad, sentar a todos en la misma mesa para hacer pairing y ceremonias, tener metodolog\u00edas&nbsp;\u00e1giles con iteraciones bas\u00e1ndose en el cliente como objetivo principal, se nos &nbsp;&nbsp;olvida que las cosas que funcionaron durante muchos a\u00f1os se desechan a la basura y empezamos con todo nuevo, pero donde queda unos de los factores m\u00e1s importantes que es trabajo en equipo y transparencia. Es por eso que la idea es poder revisar y tomar lo mejor de lo Tradicional para&nbsp;as\u00ed poder &nbsp;avanzar hacia lo Digital en conjunto remando todos para el mismo lado, si uno se cae&nbsp;del&nbsp;barco, poder ayudarlo y nivelarlo. Esto es un tips que desde mi experiencia en el mercado est\u00e1 pasando mucho.<\/p>\n\n\n\n<p><strong>\u00abEn el camino de lo tradicional hacia lo digital\u00bb<\/strong><\/p>\n\n\n\n<div class=\"wp-block-group alignwide has-background\" style=\"background-color:#ffffff\"><div class=\"wp-block-group__inner-container is-layout-flow wp-block-group-is-layout-flow\">\n<div class=\"wp-block-group\"><div class=\"wp-block-group__inner-container is-layout-flow wp-block-group-is-layout-flow\">\n<h2 class=\"has-text-align-center wp-block-heading\">Env\u00edame un Mail<\/h2>\n\n\n\n<hr class=\"wp-block-separator aligncenter is-style-dots\"\/>\n\n\n\n<p class=\"has-text-align-center\"><strong>[maxbutton id=&#8221;5&#8243;]<\/strong><\/p>\n\n\n\n<p><\/p>\n<\/div><\/div>\n<\/div><\/div>\n\n\n\n<hr class=\"wp-block-separator has-text-color has-background has-cyan-bluish-gray-background-color has-cyan-bluish-gray-color is-style-default\"\/>\n\n\n\n<p><\/p>\n","protected":false},"excerpt":{"rendered":"<p>BIENVENIDOS A LOS ULTIMOS POST CREADOS EN EL BLOG DE SERGIOARAYA SERIES Y PEL\u00cdCULAS QUE VER SEG\u00daN MI EXPERIENCIA Mayo 2021 [maxbutton id=&#8221;1&#8243;] TERAPIA DEL SHOCK Mayo 2021 [maxbutton id=&#8221;3&#8243;] TELETRABAJO VS TRABAJO REMOTO Mayo 2021 [maxbutton id=&#8221;2&#8243;] VENTAS \u00c1GILES Mayo 2021 [maxbutton id=&#8221;4&#8243;] EN EL CAMINO DE LO TRADICIONAL HACIA LO DIGITAL\u201d Hoy &nbsp;en d\u00eda en Chile y Latinoam\u00e9rica est\u00e1 muy de moda ser digital y todas las empresas, compa\u00f1\u00edas&nbsp;ocupan esa palabra, pero en realidad nos damos &nbsp;cuenta que&#8230;<\/p>\n<p class=\"read-more\"><a class=\"btn btn-default\" href=\"https:\/\/sergioaraya.cl\/index.php\/the-new-umoma-opens-its-doors-2\/\"> Leer m\u00e1s<span class=\"screen-reader-text\">  Leer m\u00e1s<\/span><\/a><\/p>\n","protected":false},"author":1,"featured_media":0,"parent":0,"menu_order":0,"comment_status":"closed","ping_status":"closed","template":"","meta":{"footnotes":""},"class_list":["post-6","page","type-page","status-publish","hentry"],"_links":{"self":[{"href":"https:\/\/sergioaraya.cl\/index.php\/wp-json\/wp\/v2\/pages\/6","targetHints":{"allow":["GET"]}}],"collection":[{"href":"https:\/\/sergioaraya.cl\/index.php\/wp-json\/wp\/v2\/pages"}],"about":[{"href":"https:\/\/sergioaraya.cl\/index.php\/wp-json\/wp\/v2\/types\/page"}],"author":[{"embeddable":true,"href":"https:\/\/sergioaraya.cl\/index.php\/wp-json\/wp\/v2\/users\/1"}],"replies":[{"embeddable":true,"href":"https:\/\/sergioaraya.cl\/index.php\/wp-json\/wp\/v2\/comments?post=6"}],"version-history":[{"count":38,"href":"https:\/\/sergioaraya.cl\/index.php\/wp-json\/wp\/v2\/pages\/6\/revisions"}],"predecessor-version":[{"id":210,"href":"https:\/\/sergioaraya.cl\/index.php\/wp-json\/wp\/v2\/pages\/6\/revisions\/210"}],"wp:attachment":[{"href":"https:\/\/sergioaraya.cl\/index.php\/wp-json\/wp\/v2\/media?parent=6"}],"curies":[{"name":"wp","href":"https:\/\/api.w.org\/{rel}","templated":true}]}}